uppose 0 = -u + 5*p - 6 - 12, u - 14 = -3*p. Let f(l) = 3 + 0*l - 9*l**2 + 2*l + 0 + 8*l**u. Give f(3).
0
Let w be -4 + 1 + -5 + 8 + -4. Let l(y) = -y**2 - y + 6. What is l(w)?
-6
Suppose 4*q + 5*q = 36. Suppose -44 + 16 = q*u. Let n(m) = 7*m**2 + 13*m - 7. Let h(f) = 6*f**2 + 12*f - 6. Let x(c) = 6*h(c) - 5*n(c). Determine x(u).
-1
Let b(y) = y - 6. Suppose 9 = -u + 7, 5*u = -w - 14. Calculate b(w).
-10
Let y(c) = -21*c + 0*c**2 + 24*c - 13*c + c**2 + 7. Give y(11).
18
Let q(z) = 23*z - 121. Let c be q(5). Let j(s) = -s**3 - 6*s**2 - s + 1. Determine j(c).
7
Let n = -8 - -4. Let w(a) = -5*a**2 + 8*a - 5. Let x(o) = 9*o**2 - 15*o + 9. Suppose 26*u = 22*u + 44. Let f(m) = u*w(m) + 6*x(m). Give f(n).
-9
Let m = 101 - 100. Let x(f) = f - 1. Let t(q) = -2*q - 5. Let u(y) = -t(y) + 6*x(y). What is u(m)?
7
Let v(i) = -i. Let m(h) = h**2 - 9*h - 10. Let j(f) = -m(f) + 6*v(f). Give j(5).
0
Let h(f) = -771 + f + 769 + 9*f. Calculate h(2).
18
Let n(k) = -2*k**3 - 3*k**2. Let r be -2 + 1 + 9 + (-4 - 0). Suppose r = -4*t, 13 - 7 = -j - 4*t. Calculate n(j).
4
Let p be ((-1)/(4/2))/((-8)/160). Let k(j) = -j**2 + 12*j - 15. Let d be k(p). Let g(s) = s**2 - 5*s. Determine g(d).
0
Let g(z) be the first derivative of -z**4/4 + z**3/3 - z**2/2 - z + 68. Calculate g(3).
-22
Let s(w) = w - 13. Suppose 3*m + 9 = -2*o, -2*o - 3*m + 6*m + 9 = 0. What is s(o)?
-13
Let n = 116 - 116. Let g(v) = -5*v - 2 - 1 + 7*v + n*v**2 + 6*v**2. What is g(2)?
25
Let a be ((-2)/6)/((-1)/(-213)). Let x = a + 77. Let l(i) = -i - 3. Calculate l(x).
-9
Let s(k) = -3 - 1996*k + 4002*k - 2000*k - 2. Calculate s(-1).
-11
Suppose -3*d - 19 + 1 = 0. Let i(q) = q**3 + 7*q**2 + 11*q + 12. Let a(y) = 3*y**3 + 21*y**2 + 32*y + 35. Let s(t) = -6*a(t) + 17*i(t). Determine s(d).
-12
Let v be ((-7)/7)/(1/7*-1). Let z(j) = -6 - 3*j**2 - 2*j**2 - v*j + 6*j**2 - 2*j**2. Give z(-4).
6
Let k(t) = -t - 7. Let g(i) = 9*i**2 - 15*i + 36. Let s(p) = -4*p**2 + 8*p - 18. Let n(a) = -3*g(a) - 7*s(a). Let u be n(9). Determine k(u).
-7
Suppose 3*g = -g + 168. Suppose 6*n + n = -g. Let w(m) = -m**2 - 6*m - 7. Calculate w(n).
-7
Let x(z) = -z**3 + 11*z**2 - 17*z - 7. Let d be x(9). Let v(t) = -2*t**2 + 10 - 6*t**d - 10*t**2 + 17*t**2. Calculate v(0).
10
Let w(n) = -n - 11. Let z(m) = -m**2 - 24*m + 247. Let i be z(8). Calculate w(i).
-2
Let g(b) = 2*b**3 + 4*b**2 + 3*b - 14. Let o(f) = -f**3 + f**2 - 1. Let v(j) = -g(j) - 3*o(j). What is v(7)?
-4
Let m = 18 - 6. Let v(g) = 3*g**2 + 16*g - 20. Let b(f) = -5*f**2 - 31*f + 36. Let y(o) = 4*b(o) + 7*v(o). Give y(m).
4
Let f(m) = -12*m**3 + 2*m**2 - 1. Let x(q) = -q**2 - 2*q + 16. Let l be -2*(118/44 + (-8)/44). Let u be x(l). Determine f(u).
-11
Suppose -23 = -2*v - 2*v - 3*w, 5*v + 2*w = 20. Let j(x) = 13*x + 2. What is j(v)?
28
Let c(b) = -2*b**3 - 2*b**2 + 2*b. Let f be c(-2). Suppose 5*r + 113 = 4*h + 27, 4*h - 82 = 3*r. Let s(o) = -h + o**2 + 19 - f*o. Determine s(4).
0
Let i be (-4)/(-18) - 35/(-45). Let w(v) = -2*v + 10. Let d(r) = 2*r + 41. Let g(a) = d(a) - 4*w(a). What is g(i)?
11
Let o(g) = g**3 + g**2 - g - 13. Let f = 15 - 11. Suppose 0 = 3*t - 2*s, -f*s + 1 = -5*t - s. Let r be 0/(-3 - (t - 2)). Give o(r).
-13
Let f(q) = -4*q - 4. Let k(s) = -5*s - 5. Let x(t) = -7*f(t) + 6*k(t). Determine x(2).
-6
Let n(k) = 1 + 6*k**2 + 5*k - 2*k**3 + 2*k**3 - k**3. Suppose -10*y = -5*f + 45, -6*f - y - 22 = -9*f. Determine n(f).
-13
Suppose j - a + 0*a = -2, 2*j - 24 = -5*a. Let l(f) = 0*f**3 - 8*f + 6*f**j - 9 + f**3 - 2*f**3 + 2*f**3. Calculate l(-7).
-2
Let r(q) be the first derivative of q**3/3 - 7*q**2/2 + 2*q + 1. Let z = -4413 - -4419. Give r(z).
-4
Let n(z) = 6*z - 1. Suppose r = -0*r - 2*q + 6, -2*q + 8 = 0. Let a(f) = 25*f - 4. Let l(m) = r*a(m) + 9*n(m). Determine l(5).
19
Let g(q) be the first derivative of -2*q**3/3 - 2*q**2 + 3*q + 1. Suppose 2*o + 3*l = -11, 1 - 7 = 2*l. Let u be o/((-9)/3)*6. Calculate g(u).
-13
Let s be (0 - -1)*(-1 - -4). Let t(u) = -2*u**2 + 5*u + 7. Let k be t(3). Let q(r) = 2 - k*r**2 + 5*r**2 - 3 + 0*r**2 - 2*r. What is q(s)?
2
Let t(u) = 1168*u - 6 + 0*u**2 - 1160*u + u**2. Calculate t(-9).
3
Suppose 7*y = 10 + 4. Let t(o) = 6*o + o**2 + 0*o + 8*o**2 + 4 - 10*o**y. What is t(5)?
9
Let v(d) = -d**3 + 2*d**2 - d + 3. Let b(s) = -s**2 + 8*s + 3. Let p be b(8). What is v(p)?
-9
Let o(l) = l**3 - 12*l**2 - 16*l - 1. Let j(v) = 57*v + 298. Let z be j(-5). Give o(z).
-40
Let q(c) = -c**2 - 5*c + 6. Let l be q(0). Let w(h) = h**3 - 7*h**2 + 3*h + 5. What is w(l)?
-13
Let a(t) = -t**2 + 12*t - 27. Let w be a(7). Let y(n) = -n + 1. Let x(m) = -4*m + 4. Let i(b) = -x(b) + 5*y(b). Determine i(w).
-7
Suppose 7 = 4*y - 5. Let n(l) = 5*l - 85 + l**2 + l**y + 88 - 4*l. Let i = -1 + 1. Determine n(i).
3
Suppose 26*c + 40 = 170. Let i(f) be the first derivative of f**2/2 - 10*f + 1. What is i(c)?
-5
Let u(h) = -h - 1. Let b(d) = 6*d + 5. Let s(k) = -k**2 + 8*k + 5. Let n be s(8). Let r = -17 - -18. Let j(x) = n*u(x) + r*b(x). Calculate j(6).
6
Let x = 6 - 4. Let u be 10*x/(-16)*-4. Suppose -6 = -2*k - 0*k + 3*c, 4*k = u*c + 10. Let z(r) = -r**2 - r + 2. Give z(k).
2
Let x be 6/45 + 174/45. Let w = 4 + x. Let q = -4 + w. Let a(t) = -t**3 + 5*t**2 - 5*t + 6. Give a(q).
2
Suppose 23 = -5*l + 18. Let w(k) be the first derivative of 4*k**3 + k + 8. Calculate w(l).
13
Let h(c) be the first derivative of -c**3/6 + 3*c**2/2 + 30*c - 42. Let g(u) be the first derivative of h(u). Give g(-5).
8
Let f(l) = -l**3 - 6*l**2 - l - 1. Suppose 282 - 287 = x. Let t be ((-1)/x - -1)*-5. Give f(t).
5
Let u = -4 - -8. Suppose 6*o - u*o = 8. Let h(p) = p**3 + 2*p**2 - 10*p. Let d(k) = 2*k**3 + 4*k**2 - 19*k - 1. Let g(q) = o*d(q) - 7*h(q). What is g(-4)?
-12
Let v(y) = y - 4. Let c be (-44)/66*(-42)/4. Calculate v(c).
3
Let c(t) = -13*t**3 + 21*t**2 + 5*t + 9. Let d(y) = -y**3 + 2 + 21*y + 25*y - 45*y + 5*y**2 - 2*y**3. Let o(f) = 2*c(f) - 9*d(f). What is o(3)?
3
Let i(s) = s**2 + 8*s + 13. Let o be i(-11). Let v = o + -52. Let a(y) = y**3 + 6*y**2 + 2*y + 8. Determine a(v).
-4
Let c(x) be the third derivative of -x**5/60 + 11*x**4/24 + 13*x**3/6 + 217*x**2. Determine c(13).
-13
Suppose -3 = 4*k + 3*n - 8, -5*k = -2*n - 12. Let y(s) = -s + 9. Let t(b) = 5*b - 46. Let j(u) = k*t(u) + 11*y(u). What is j(6)?
1
Suppose -18 = -4*m - t, -18 + 4 = -2*m + 2*t. Suppose 3*r - 4*r - 13 = 3*i, -m*r = -i + 1. Let u(k) be the second derivative of k**4/12 + 17*k. Calculate u(r).
1
Let r = -10 - -7. Suppose -i + j + 11 = 0, -3*i - 2*j = j - 39. Let w(l) = -i + l - 13 + 27. Calculate w(r).
-1
Let n(q) = -2 + 1 - q - 1. Let j = 40 - 37. Suppose 4*f + 19 = -5*d + 2*f, 4*f = j*d + 27. Determine n(d).
3
Let q = 0 + -2. Let g(u) = -3*u**2 - u + 10. Let n(v) = v**2 - 4. Let m(l) = 3*g(l) + 8*n(l). Give m(q).
0
Let i(k) = k**2 - 2*k - 2. Suppose 21 = 8*a - 19. Determine i(a).
13
Let g(v) = 5 + v + 3*v - 2*v. Let z = 17 + -23. What is g(z)?
-7
Let r(p) = -p**3 + 6*p**2 + p - 5. Let z(a) = a + 22. Suppose -4*q - 72 = 5*x, 5*q - 37 = 5*x + 53. Let n be z(x). Calculate r(n).
1
Let l(c) = c + 6. Let r be (-85)/15 - (21/9 - 2). Determine l(r).
0
Let q = -275/2 - -141. Let l(t) be the first derivative of 2/3*t**3 - 1 - t + q*t**2. What is l(-5)?
14
Let q(b) = -7*b - 2 + 13 - 10*b - 3 + 14*b. Give q(4).
-4
Let z(r) = 6*r + 8*r + 6*r - 22*r. Let h be ((-7)/14*-8)/(0 + -1). Determine z(h).
8
Let h(j) = 2*j**3 + 2*j**2 + j. Let y be h(-1). Let l(x) = 405*x**2 - 1188*x**2 + 405*x**2 + 394*x**2. Give l(y).
16
Let x = -370 - -366. Let s(k) = k**2 + 2*k + 3. Give s(x).
11
Suppose 5*j = 3*h - 17, -2*j - 3*j - 3*h - 23 = 0. Let g be (j + 1/1)/((-6)/(-8)). Let p(n) = 4*n - 1. Give p(g).
-17
Let f be (4/(-18)*-3)/((-10)/(-30)). Let v(j) = -4*j**3 - j**2 + j + 1. Let z be v(-1). Let i(d) = -7*d**2 - 5 - d + 3*d**z - f*d**3 + 11 - 1. Calculate i(7).
-2
Let i(f) = -f**2 - 11*f - 11. Let v = -154 + 147. Give i(v).
17
Let n(c) be the third derivative of -c**4/8 + 5*c**2 - 16*c. Let i = -4 + 3. Give n(i).
3
Suppose 2*h - 32 = 12. Let l(w) = -15*w. Let y(j) = 4*j. Let t(r) = h*y(r) + 6*l(r). Let k be (-8 - -11) + 2/(-1). Calculate t(k).
-2
Let z(f) = -13*f - 10. Let s be (-1272)/265 - (-4)/5. Determine z(s).
42
Let y(c) be the third derivative of -c**5/60 + c**4/3 + c**3/6 - 42*c**2. What is y(7)?
8
Let g(h) be the